59 = 2*p + o. What are the prime factors of p?
2, 7
Suppose -118*o = -123*o + 1780. List the prime factors of o.
2, 89
Let i = 192 + -390. Let s = 316 + i. What are the prime factors of s?
2, 59
Let o(r) = -20*r - 24. What are the prime factors of o(-13)?
2, 59
Let r(z) = -z**3 + 14*z**2 - 18*z + 5. Let d(j) = 2*j**3 - 28*j**2 + 36*j - 9. Let k(t) = -4*d(t) - 7*r(t). List the prime factors of k(12).
73
Let x = -691 + 651. Suppose 0 = -3*v + 69 + 168. Let c = v + x. List the prime factors of c.
3, 13
Let o = 34 - 39. Let m(s) = -s**3 - 4*s**2 - 5*s - 2. List the prime factors of m(o).
2, 3
Let q(a) = a + 11. Suppose -3*h = h + 28. Let o be q(h). Suppose 4*p + o = 0, 2*w - w - 7 = -2*p. What are the prime factors of w?
3
Suppose 2*x - 3002 - 2875 = -f, -2*f + 11760 = 6*x. What are the prime factors of f?
3, 19, 103
Suppose 0 = 68*g - 72*g + 9528. What are the prime factors of g?
2, 3, 397
Suppose -3*o = -6*k - 49 + 166, 58 = 3*k - o. List the prime factors of k.
19
Suppose 2*u = 4*z - u + 142, -z + 4*u = 42. Let m = 38 - z. List the prime factors of m.
2, 3
Let v(l) be the first derivative of -l**4/4 + 17*l**3/3 - 15*l**2/2 - 10*l - 21. What are the prime factors of v(16)?
2, 3
Let z be (0 - 1)*(-34 - 3). Let p = z - 26. List the prime factors of p.
11
Let c(r) = 15*r**2 - 7*r - 9. Let s be c(-5). Suppose 130 = -p - 4*y + y, 0 = 3*p - 2*y + s. What are the prime factors of p/(-7) - (0 - 1)?
2, 5
Let b(c) = c**3 - 3*c**2 - c - 2. Let d be b(2). Let y(w) = -2*w - 11. Let k be y(d). Suppose k*n - 13 + 3 = 0, -3*r + 64 = 5*n. List the prime factors of r.
2, 3
Suppose 3*x + d = -2*x + 650, 2*d + 650 = 5*x. Suppose -4*t + x = -154. List the prime factors of t.
71
Let z(a) = 36*a**3 + 3*a**2 - 3*a**2 - 14*a**3 + 1. List the prime factors of z(1).
23
Let y(q) = -q**2 - 7*q - 1. Let u be y(-5). Let x = 31 - u. List the prime factors of x.
2, 11
Suppose -3*c - 2 = 2*s, 2*c - 4 = 3*s - 14. Suppose -3 - 1 = -s*w. Let m = w - 0. What are the prime factors of m?
2
Let m(d) = 17*d**2 + 9*d + 99. What are the prime factors of m(-7)?
11, 79
Let o = -46 + -58. Let q = o + 55. Let b = q - -74. What are the prime factors of b?
5
Let c = -8 - -10. Suppose 56 + 36 = c*b. List the prime factors of b.
2, 23
Let i = -99 + 3383. What are the prime factors of i?
2, 821
Let n be 3/(-3 - (-75)/20). Let s = 6 - 2. Suppose 5*i = s*r - 78, -n*i + 45 = 3*r - i. List the prime factors of r.
17
Let c be 6/(-15) - (-64)/10. Let v be 3*(58/c - 2). Suppose 2*d - 31 - v = 0. List the prime factors of d.
3
Let x(t) = -8*t + 3. Let q be x(1). List the prime factors of (-5)/(25/(-228)) - 2/q.
2, 23
Let p(v) = v**2 - 5*v + 1. Suppose 0 = r + 2*r - 6. Let z be p(r). What are the prime factors of 12/(-30) + (-102)/z?
2, 5
Let x(g) = -6*g**2 + 12*g - 16. Let o be x(7). List the prime factors of o/(-4) + 8/16.
3, 19
Suppose -70 = 101*f - 106*f. What are the prime factors of f?
2, 7
Suppose -6*a + 1539 = 3*a. What are the prime factors of a?
3, 19
Let r = 60 + -82. List the prime factors of (r/(-6))/((-13)/(-78)).
2, 11
Let i = 33 - 54. Let l = 24 + i. Suppose 0 = 2*q - l*t - 46, 4*q - 127 - 1 = -3*t. List the prime factors of q.
29
List the prime factors of ((-1544)/10)/(174/(-1305)).
2, 3, 193
Let b = 68 + -18. Let q = b - 34. Suppose 12 = k - q. What are the prime factors of k?
2, 7
Suppose -225 = 5*f + 115. Let w = -14 - f. What are the prime factors of w?
2, 3
Let u = 225 + 45. List the prime factors of u.
2, 3, 5
Suppose 0 = -l + 2*w + 2289, 4*l - 5*w - 9136 = -w. What are the prime factors of l?
43, 53
Suppose -4*y + 4*p - 216 = 0, -2*y - p + 274 = -7*y. Let x = y - -190. What are the prime factors of x?
3, 5
Let s = -1454 + 2100. What are the prime factors of s?
2, 17, 19
Let h = -60 + 262. Suppose l - 791 = -5*p - h, -p = 5*l - 137. List the prime factors of p.
3, 13
Let x be 4/2 - (-4*34 + 2). Suppose -m = -5*m + x. List the prime factors of m.
2, 17
Suppose x = 5*h + 26, -2*h + 4 = 4*x + 3*h. Let u be ((-3)/x)/((-2)/628). Let r = u + -112. What are the prime factors of r?
3, 5
Let t be 156/4 + (-1 - -1). Suppose -123 + 23 = 5*y. Let c = t + y. List the prime factors of c.
19
Suppose 0 = s + 3*s + 132. Let j = -5 + s. What are the prime factors of (2 - j) + 1 + -3?
2, 19
Let f = 534 + -129. List the prime factors of f.
3, 5
Suppose -4*q = -2*q - 8. Suppose 0 = 3*t - 2*t + q. List the prime factors of 15/20 - 57/t.
3, 5
Suppose 11026 + 1995 = 5*v - 3*s, -2*v + 5206 = -2*s. What are the prime factors of v?
2, 1303
Let i(s) = 297*s**2 - s + 1. List the prime factors of i(-1).
13, 23
Let u(y) = 11*y + 8. Let a(c) = -12*c - 9. Let f(i) = -3*a(i) - 4*u(i). Let x(q) = q**2 + 4*q - 5. Let w be x(-4). List the prime factors of f(w).
5, 7
Let z = 100 + -49. Let c = 75 - z. List the prime factors of ((-33)/(-12))/(3/c).
2, 11
Suppose 4*y - 44 = 2*y + 4*h, -5*h - 7 = -y. Suppose y = x + 8. List the prime factors of ((-8)/x)/(1/(-27)).
3
Suppose -5*z + 523 = 2*m, 0 = 5*m + 9*z - 4*z - 1270. List the prime factors of m.
3, 83
What are the prime factors of ((-35)/7 - 5386)/((-3)/2)?
2, 3, 599
Let o = 9 + -10. Let k be 51/2 + o/2. List the prime factors of (1 - (5 + -1)) + k.
2, 11
List the prime factors of (-14 - 297/(-21))/(1/14791).
2113
Suppose -49 = -a + 2*a. Let y = a + 10. Let f = y - -64. List the prime factors of f.
5
Let v = -45 - -49. Let u be 1 + 0 + -2 + 16. Suppose 163 = v*x + u. List the prime factors of x.
37
Let f = -24 + 9. Let b be (2 + 1)*(-320)/f. Let y = b + -44. List the prime factors of y.
2, 5
Suppose -135 = -o + 6*o. Suppose 81 = 2*b + 3*g, 3*b - 2*g = 4*b - 38. Let r = b + o. List the prime factors of r.
3, 7
Let g(j) = 905*j**3 + 2*j**2 + 13*j - 13. What are the prime factors of g(1)?
907
Suppose -2*s = -512 - 790. What are the prime factors of s?
3, 7, 31
Suppose 43 = 4*c - 6*r + r, -5*c + 5*r = -55. Let b(i) be the second derivative of -i**4/12 + 7*i**3/3 + 2*i. List the prime factors of b(c).
2, 3
Let b(p) = 31*p**3 + 15*p**2 - 10*p - 7. List the prime factors of b(5).
7, 599
Let u = 181 + -98. Let j = u + -24. What are the prime factors of j?
59
Let c(y) = -7*y + 10. Let k be c(-5). Let j be 228/(-9)*k/(-2). List the prime factors of j/14 - 4/(-14).
41
Suppose -5*j + 35 - 15 = 0. Let k(q) = -4*q**2 + q + 3. Let o be k(j). Let h = -38 - o. List the prime factors of h.
19
What are the prime factors of 3372/16 - (-33)/(-44)?
2, 3, 5, 7
Suppose -s + 2 = 2*f - 18, 4*f = 5*s + 12. Suppose -v = -4*h - 136, -f*h + 3*h = 5*v + 145. Let p = -19 - h. List the prime factors of p.
2, 7
Suppose 0 = 4*j + 2*v - 248, -4*j + 2*j + 4*v = -104. Suppose r - 3*h = 60, r - 4*h = -9*h + j. List the prime factors of r.
2, 3, 5
Suppose -18*c + 5959 = -251. What are the prime factors of c?
3, 5, 23
Let d(a) = a**3 - 4*a**2 + 2*a + 1. Let n be d(2). Let m be (n/12)/((-2)/24). Suppose -m*s = -s - 58. List the prime factors of s.
29
Let g(j) = j**2 - 3*j + 5. Let h be g(4). Let x(k) = k**2 - 1. Let o(u) = -u**2 - 5*u - 11. Let f(r) = o(r) + 2*x(r). What are the prime factors of f(h)?
23
Suppose -16 = -5*y - 2*l, -5*y + 5*l + 18 = -3*y. Suppose 0*p = 4*c + 5*p - 211, -212 = -4*c - y*p. List the prime factors of c.
2, 3
Let o(w) = -w**3 - 3*w**2 + 4*w - 2. Let b be o(-4). Let q = 10 + b. Let y(x) = x**3 - 8*x**2 + 3*x + 3. List the prime factors of y(q).
3
Let d be (-12)/(-32)*24/3. List the prime factors of (-220 + -17)/(d/(-2)).
2, 79
Suppose y + 463 = 1716. What are the prime factors of y?
7, 179
Let t(a) = a**2 + 3*a + 2. Let m be t(-8). Suppose 0 = -8*v + 13 - 21. Let q = m + v. What are the prime factors of q?
41
Suppose -2*y + 15 = 13. What are the prime factors of (-710)/(-12) + y/(-6)?
59
Let f(h) = h + 4. Let j be f(4). Suppose 4*i = 0, -3*i = -d - j*i + 54. What are the prime factors of d?
2, 3
Let m = 13 + -8. Suppose 3*w - 1 = m*c - 69, -4*w + 96 = 5*c. List the prime factors of c.
2
Let f be (-1)/(1/10*5). What are the prime factors of (179 - -11)*(-1)/f?
5, 19
Suppose 46*u + 4896 - 30426 = 0. List the prime factors of u.
3, 5, 37
Suppose -7*r + 344 - 36 = 0. List the prime factors of r.
2, 11
Let j = 69 - 66. List the prime factors of -1*(-1)/3 - (-239)/j.
2, 5
Let k = -79 - -92. Suppose k*j - 2385 = 4*j. What are the prime factors of j?
5, 53
Let p = 40 - 36. Suppose 0*u - 3*l